 476ab03 (base 12) in base 7?
225354624
What is -10c558 (base 13) in base 3?
-202020202001
-1381912 (base 11) to base 7
-26116041
What is 12012211121 (base 3) in base 10?
102670
552025 (base 6) to base 14
129a1
12268561 (base 9) to base 8
26731407
Convert -11101022000220 (base 3) to base 4.
-20320132002
What is 211122212100 (base 3) in base 8?
1547141
Convert -293333 (base 12) to base 14.
-13d619
Convert -27641706 (base 9) to base 7.
-224114001
What is 214231 (base 12) in base 2?
10000000010101000101
What is -1dd69 (base 15) in base 6?
-2031300
What is 338591 (base 11) in base 10?
538429
-14912f (base 16) to base 12
-55003b
What is 9835c (base 16) in base 15?
c4ad7
Convert -100100000100100111011010 (base 2) to base 16.
-9049da
23474 (base 11) to base 2
1000010000110000
What is 1217642 (base 12) in base 14?
677bc6
Convert 184670 (base 11) to base 2.
1000101011010010010
6062b (base 12) to base 6
2404055
What is 1110320030 (base 4) in base 5?
42111120
44213220 (base 7) to base 11
2167495
What is 1d115 (base 16) in base 10?
119061
-2223320 (base 8) to base 11
-37a677
-35669 (base 14) to base 12
-63451
Convert -249946 (base 12) to base 3.
-1010100122000
153551046 (base 7) to base 3
201102220200020
What is -2200120212102 (base 3) in base 10?
-1428743
Convert -20122233 (base 5) to base 2.
-100111010010101111
-1720128 (base 11) to base 5
-1222201401
What is 445924 (base 10) in base 13?
127c7b
Convert -1319603 (base 11) to base 14.
-435927
What is 536c9b (base 14) in base 11?
1659226
What is 140671 (base 12) in base 13?
b85a3
Convert -52643 (base 7) to base 5.
-404031
What is -6b1ef (base 16) in base 7?
-3505130
What is 13144410 (base 7) in base 3?
2021012020020
What is -11538c (base 14) in base 15?
-ba032
What is -2083683 (base 10) in base 2?
-111111100101101100011
-224452413 (base 6) to base 12
-147a109
25a675 (base 11) to base 16
63f51
Convert 1101000001111010011 (base 2) to base 14.
b1855
Convert 3202031 (base 5) to base 9.
81213
Convert -a2461 (base 12) to base 13.
-75337
-1111101100110101 (base 2) to base 4
-33230311
Convert 1100011100001011110 (base 2) to base 13.
113715
Convert 1fba (base 16) to base 3.
102010211
-139058 (base 12) to base 9
-547075
202111212 (base 3) to base 16
3a6a
What is -812411 (base 9) in base 11?
-2a9211
What is 354671 (base 8) in base 7?
1013365
Convert -111001100100101000 (base 2) to base 13.
-83449
-34d447 (base 14) to base 9
-3348131
Convert 351bb7 (base 12) to base 16.
d067b
What is 234067 (base 8) in base 15?
18a37
What is -456500 (base 11) in base 16?
-b13f0
-41703 (base 14) to base 12
-77387
Convert -484366 (base 9) to base 13.
-a2b31
-45c18c (base 15) to base 5
-1323101412
Convert 100913 (base 12) to base 2.
111101000100011111
What is -1111131322 (base 4) in base 9?
-583181
What is 9a6c1a (base 15) in base 4?
130011300100
Convert 1230201 (base 5) to base 7.
126251
Convert 8cf68 (base 16) to base 4.
2030331220
What is 315555 (base 7) in base 15?
1139c
What is -111100101110111000 (base 2) in base 10?
-248760
What is 493017 (base 10) in base 12?
1b9389
Convert 90eaf2 (base 16) to base 13.
1c76b2b
What is -27731764 (base 8) in base 14?
-b939d2
Convert -1244241 (base 6) to base 8.
-205401
Convert -14a1b5 (base 14) to base 10.
-719283
-56e34 (base 15) to base 9
-461344
What is 3261820 (base 11) in base 5?
2431230302
-2000022211 (base 3) to base 11
-27834
Convert -26215d (base 14) to base 5.
-313440121
What is 20340142 (base 6) in base 13?
177ac1
Convert 6c87 (base 16) to base 5.
1342113
What is -92878a (base 12) in base 2?
-1000110000100001011010
Convert 100001110011100101 (base 2) to base 7.
1114462
-1334043431 (base 5) to base 6
-201223510
484447 (base 9) to base 3
112211111121
Convert -2064156 (base 9) to base 2.
-100001101110110010000
Convert 21220110200201 (base 3) to base 13.
b41642
c672a (base 14) to base 12
1b1156
5790014 (base 10) to base 13
1279559
What is -23112020 (base 4) in base 3?
-2100202012
What is -683808 (base 10) in base 7?
-5545416
Convert 1a2285 (base 14) to base 11.
58422a
-2122121002 (base 3) to base 13
-1a9ab
11000100011101010010010 (base 2) to base 7
105501200
-1130232133 (base 4) to base 13
-103b4c
What is 1258a (base 16) in base 6?
1335522
Convert -341a26 (base 11) to base 10.
-544286
Convert 232403240 (base 5) to base 14.
1d8336
Convert -55741a (base 11) to base 3.
-1200010111100
Convert -14012010 (base 5) to base 13.
-4c540
What is a249b (base 14) in base 13?
108a0a
What is 30000333 (base 4) in base 13?
1952a
What is -222326 (base 7) in base 4?
-21211211
What is 235861 (base 11) in base 13?
101144
-133322231 (base 5) to base 4
-2212231000
Convert 11644066 (base 7) to base 10.
1053058
-2012220020010 (base 3) to base 2
-100011111110101001110
Convert -344a0a (base 14) to base 9.
-3312728
What is 368914 (base 11) in base 15?
b7a01
Convert -250740 (base 8) to base 9.
-141576
409dec (base 16) to base 9
7863857
What is ea5d1 (base 15) in base 7?
6215401
1005325002 (base 6) to base 16
9dbeba
Convert 70c14 (base 14) to base 11.
175900
1d41b9 (base 15) to base 4
11131131213
What is 99360 (base 12) in base 14?
53c12
-101111101100011010110 (base 2) to base 14
-2c9794
What is -12020530 (base 6) in base 5?
-44013123
What is -134627 (base 13) in base 11?
-2997a4
What is 253745 (base 8) in base 11?
60164
-100101101111000110011010 (base 2) to base 6
-552005242
Convert -6a2573 (base 12) to base 6.
-100311423
-3c2d10 (base 15) to base 14
-555203
Convert 30302041 (base 5) to base 4.
323210311
Convert -28652 (base 10) to base 14.
-a628
What is 4e465 (base 16) in base 6?
10512153
Convert -1021001020212 (base 3) to base 2.
-10100011100110111000
-20335534 (base 6) to base 8
-2175122
Convert 5423113 (base 7) to base 15.
d0e5d
-12331110 (base 4) to base 5
-1403000
What is 101120101010 (base 3) in base 13?
738cc
-120104024 (base 5) to base 7
-4451666
-1081168 (base 9) to base 14
-113197
5424577 (base 8) to base 15
1da52a
Convert 121021122222 (base 3) to base 14.
84b40
Convert -34de1 (base 16) to base 11.
-13876a
Convert 304c0 (base 14) to base 11.
7a337
What is 1450204 (base 6) in base 14?
22a28
What is 175363 (base 8) in base 6?
1213231
Convert -322441323 (base 5) to base 9.
-2524520
What is 35062337 (base 9) in base 3?
1012002002101021
Convert -42531024 (base 6) to base 2.
-100110010101001111000
Convert 401601 (base 8) to base 10.
131969
-6c514 (base 15) to base 5
-42023034
What is -345777 (base 8) in base 12?
-58193
Convert -54110015 (base 7) to base 9.
-8602308
Convert -1859798 (base 10) to base 8.
-7060326
11686 (base 15) to base 2
1101100010110100
-b7952 (base 12) to base 7
-2024141
What is 102202324 (base 5) in base 8?
1504660
Convert -16a7b5 (base 12) to base 14.
-a2a49
What is -85312 (base 13) in base 15?
-4b19a
-530ce (base 16) to base 11
-21263a
-bb176 (base 12) to base 10
-247338
What is 5416482 (base 9) in base 3?
12110120112202
What is -21100123220 (base 4) in base 3?
-11120021200002
64b27 (base 13) to base 12
89426
What is 12200211121121 (base 3) in base 10?
3027985
Convert 1997d (base 15) to base 10.
83143
119357 (base 14) to base 7
5053640
Convert -53500131 (base 6) to base 16.
-181657
Convert -30201022 (base 4) to base 12.
-2580a
Convert 1640443 (base 11) to base 8.
12526642
-390a94 (base 11) to base 10
-616235
What is 13220233213 (base 4) in base 16?
1e8be7
What is -122000343 (base 5) in base 2?
-10001101001010101111
What is 1532550 (base 7) in base 9?
348770
What is 9e991 (base 16) in base 6?
21531253
Convert -55512 (base 9) to base 12.
-19402
Convert -515003 (base 7) to base 3.
-11110220222
What is 34022160 (base 7) in base 15?
3d31d9
11001110111101110110 (base 2) to base 6
30100410
54132242 (base 6) to base 9
3005648
-4253857 (base 11) to base 12
-2610612
Convert -122a728 (base 12) to base 4.
-31201012100
Convert 1345366 (base 7) to base 12.
87b14
-16a32 (base 12) to base 3
-1122200202
-8d0b4 (base 16) to base 14
-110776
Convert 1260783 (base 9) to base 4.
2220112023
2334321 (base 5) to base 2
1010100001001110
Convert -43341 (base 5) to base 8.
-5633
Convert 401355450 (base 6) to base 14.
c8ca58
-1451235 (base 7) to base 4
-300023211
What is 13441403 (base 5) in base 9?
233318
Convert 446224 (base 7) to base 11.
543a4
15105 (base 11) to base 5
1141142
What is -252205 (base 7) in base 5?
-2